e
Is 319 composite?
True
Is 15689 a prime number?
False
Is 238405 a prime number?
False
Is 287701 a prime number?
True
Is 2435 a composite number?
True
Is 31601 a prime number?
True
Is 58541 prime?
False
Is 2333 prime?
True
Is 2361569 a prime number?
False
Is 12323 a prime number?
True
Is 203037 composite?
True
Is 98557 a composite number?
True
Is 1453189 a prime number?
False
Is 150343 composite?
False
Is 72749 composite?
True
Is 11917 composite?
True
Is 890891 a composite number?
True
Is 4318337 a prime number?
True
Is 62039 prime?
True
Is 21178 a composite number?
True
Is 542047 a prime number?
False
Is 239509 a composite number?
False
Is 2391 composite?
True
Is 23179 prime?
False
Is 3338389 prime?
False
Is 802 prime?
False
Is 19679 composite?
True
Is 31361 a composite number?
True
Is 5089 a composite number?
True
Is 121586 prime?
False
Is 8929 a composite number?
False
Is 378107 a composite number?
True
Is 54251 a composite number?
False
Is 15613 prime?
False
Is 13367 a composite number?
False
Is 897355 a composite number?
True
Is 14951 composite?
False
Is 37946 a composite number?
True
Is 25013 a composite number?
False
Is 101599 prime?
True
Is 173429 a prime number?
True
Is 39723 a prime number?
False
Is 1907149 prime?
False
Is 813269 composite?
False
Is 9131 a composite number?
True
Is 82853 a composite number?
True
Is 27161 a prime number?
False
Is 18269 prime?
True
Is 15509 a composite number?
True
Is 98317 a prime number?
True
Is 487 prime?
True
Is 1793 a prime number?
False
Is 817739 a prime number?
False
Is 96667 composite?
False
Is 13081 a composite number?
True
Is 347179 composite?
True
Is 2333 composite?
False
Is 147751 a prime number?
False
Is 47911 composite?
False
Is 274579 prime?
True
Is 19835 composite?
True
Is 33923 a composite number?
False
Is 130171 a prime number?
True
Is 3557 a prime number?
True
Is 289439 a prime number?
True
Is 26185 composite?
True
Is 3047 prime?
False
Is 1868065 a composite number?
True
Is 140441 prime?
False
Is 17707 composite?
False
Is 83431 composite?
False
Is 2047 composite?
True
Is 32567 a prime number?
False
Is 147919 a composite number?
False
Is 1709 composite?
False
Is 1253 prime?
False
Is 21089 a composite number?
False
Is 12557 prime?
False
Is 165481 a prime number?
False
Is 21221 a composite number?
False
Is 84497 composite?
True
Is 1250069 a composite number?
False
Is 3175241 composite?
True
Is 17291 a composite number?
False
Is 106439 a prime number?
False
Is 168023 prime?
True
Is 8441 composite?
True
Is 220141 prime?
True
Is 33407 a composite number?
True
Is 169217 prime?
True
Is 14107 a composite number?
False
Is 137477 a composite number?
False
Is 4861 composite?
False
Is 51449 a prime number?
True
Is 2799557 a composite number?
False
Is 35759 a prime number?
True
Is 28789 prime?
True
Is 64789 a prime number?
False
Is 83867 composite?
True
Is 15217 a prime number?
True
Is 83 composite?
False
Is 5873 a prime number?
False
Is 264323 a prime number?
True
Is 5731 a prime number?
False
Is 21763 a prime number?
False
Is 2705 a prime number?
False
Is 22551 a prime number?
False
Is 1135 composite?
True
Is 1935091 prime?
True
Is 55951 a composite number?
True
Is 5051 a prime number?
True
Is 102523 a composite number?
False
Is 196247 composite?
False
Is 77299 a composite number?
True
Is 38215 a prime number?
False
Is 972847 prime?
True
Is 177521 prime?
False
Is 23093 composite?
True
Is 174449 a composite number?
True
Is 11983 a composite number?
True
Is 163 prime?
True
Is 93523 a composite number?
False
Is 31549 prime?
False
Is 172415 composite?
True
Is 1007 a prime number?
False
Is 51571 a composite number?
True
Is 152369 a composite number?
True
Is 16183 a composite number?
False
Is 2605 a prime number?
False
Is 305491 composite?
True
Is 11057 prime?
True
Is 2999 a prime number?
True
Is 533 a prime number?
False
Is 923713 composite?
True
Is 3011 a composite number?
False
Is 6689 a prime number?
True
Is 4317 composite?
True
Is 55763 composite?
False
Is 30869 composite?
False
Is 2053 composite?
False
Is 1147 composite?
True
Is 23149 composite?
True
Is 122277 a composite number?
True
Is 9193 a prime number?
False
Is 27539 a composite number?
False
Is 316679 prime?
False
Is 2017165 a prime number?
False
Is 82447 a composite number?
True
Is 286163 a prime number?
True
Is 9107 a composite number?
True
Is 580571 a prime number?
False
Is 92363 a prime number?
True
Is 293 a composite number?
False
Is 14029 a composite number?
False
Is 8059 prime?
True
Is 287087 prime?
True
Is 89467 a prime number?
False
Is 115609 a prime number?
False
Is 323507 prime?
True
Is 1979 composite?
False
Is 444071 prime?
False
Is 138239 prime?
True
Is 169777 a composite number?
False
Is 1176353 composite?
False
Is 321611 prime?
True
Is 4285 a composite number?
True
Is 1306223 a prime number?
True
Is 1151 a composite number?
False
Is 3833 prime?
True
Is 289 prime?
False
Is 234569 composite?
True
Is 63901 a composite number?
False
Is 285871 a prime number?
True
Is 19373 a composite number?
False
Is 125093 a prime number?
True
Is 56767 prime?
True
Is 612119 a composite number?
True
Is 3047 a prime number?
False
Is 5069 a composite number?
True
Is 5021 composite?
False
Is 34669 a prime number?
False
Is 21427 a composite number?
True
Is 19571 a composite number?
False
Is 372971 a prime number?
True
Is 579851 a prime number?
True
Is 2483 a composite number?
True
Is 1164595 a composite number?
True
Is 125503 composite?
True
Is 1259 a prime number?
True
Is 153967 a prime number?
False
Is 10037 a composite number?
False
Is 1093579 a composite number?
True
Is 512933 composite?
True
Is 76771 composite?
False
Is 341813 prime?
True
Is 351913 composite?
False
Is 10213 a composite number?
True
Is 35747 a composite number?
False
Is 30421 composite?
True
Is 164471 a prime number?
True
Is 836831 prime?
False
Is 281381 a composite number?
False
Is 536593 composite?
False
Is 2721 a prime number?
False
Is 919 prime?
True
Is 7603 prime?
True
Is 328667 composite?
False
Is 22901 prime?
True
Is 31505 a prime number?
False
Is 613 a prime number?
True
Is 101221 prime?
True
Is 25657 a composite number?
False
Is 14995 prime?
False
Is 325073 a prime number?
False
Is 85465 prime?
False
Is 971 composite?
False
Is 2479 prime?
False
Is 7509 prime?
False
Is 23143 prime?
True
Is 274507 composite?
True
Is 16007 prime?
True
Is 293047 a prime number?
False
Is 39439 a prime number?
True
Is 31793 composite?
False
Is 50981 a prime number?
False
Is 20873 composite?
False
Is 4321 a prime number?
False
Is 778 a composite number?
True
Is 902843 composite?
True
Is 1026941 composite?
False
Is 457139 composite?
False
Is 9109 prime?
True
Is 3493 composite?
True
Is 189481 prime?
False
Is 94 a composite number?
True
Is 248701 a composite number?
False
Is 7417 a composite number?
False
Is 30293 a composite number?
False
Is 145019 prime?
False
Is 1541 a prime number?
False
Is 400823 composite?
False
Is 45781 composite?
True
Is 497755 a prime number?
False
Is 37795 a prime number?
False
Is 462481 a prime number?
True
Is 746353 prime?
True
Is 1864361 prime?
True
Is 5345 a prime number?
False
Is 19447 a prime number?
True
Is 504541 a prime number?
False
Is 5669 composite?
False
Is 145283 a composite number?
False
Is 16963 prime?
True
Is 223207 a prime number?
True
Is 6401 prime?
False
Is 24029 prime?
True
Is 52601 composite?
True
Is 4819861 prime?
True
Is 628799 composite?
False
Is 29485 composite?
True
Is 671 prime?
False
Is 89173 a prime number?
False
Is 2579581 prime?
True
Is 1409 prime?
True
Is 273107 prime?
True
Is 5779 prime?
True
Is 338791 a prime number?
True
Is 424313 a composite number?
False
Is 87667 composite?
True
Is 779711 a composite number?
True
Is 1993 a composite number?
False
Is 795299 prime?
True
Is 57403 composite?
True
Is 827063 a composite number?
False
Is 253583 composite?
True
Is 2099 prime?
True
Is 423393 a prime number?
False
Is 718593 a prime number?
False
Is 15493 composite?
False
Is 67073 a prime number?
True
Is 904586 prime?
False
Is 297457 a prime number?
True
Is 527 a prime number?
False
Is 41759 a composite number?
False
Is 40323 composite?
True
Is 57097 composite?
False
Is 25709 a prime number?
False
Is 5999 a composite number?
True
Is 169